5. Calculate the highest common divisor of 14 and s.
2
Let x = -15 - -28. Let k = x - 8. Calculate the highest common factor of k and 2.
1
Let t(i) = i - 10. Let h be t(7). Let u be ((-40)/6)/5*h. What is the highest common divisor of u and 44?
4
Let g = 57 - 127. Let b = g - -142. Calculate the greatest common divisor of b and 8.
8
Suppose -770 = 18*o - 25*o. Calculate the greatest common divisor of 11 and o.
11
Let a = -18 + 28. Calculate the greatest common divisor of 80 and a.
10
Let j(n) = 5*n**2 + 2*n + 1. Let z be j(-2). Let s = z - 11. Let x(w) = w**3 + 5*w**2 - 2*w - 7. Let c be x(-5). What is the greatest common factor of c and s?
3
Suppose m - 14 = 3*x, -m - 19 = -2*m - 2*x. Calculate the greatest common factor of 136 and m.
17
Let v = -49 - -69. Suppose -t = -0*t - 3*j - 97, -4*t - j = -401. Calculate the highest common divisor of t and v.
20
Let s(f) = -8*f + 4. Let a be s(-4). Suppose 2*y = -8*y + 90. Calculate the highest common divisor of a and y.
9
Suppose -2*h - 2*h + 4 = 0. Let q = -3 - -4. Let l be (-6)/h*(q - 5). What is the greatest common divisor of 16 and l?
8
Let s(y) = -y + 21. Let f be s(15). Suppose f*x - 3*x - 120 = 0. Let o be (-2)/((-4)/(-2)) - -6. What is the highest common factor of o and x?
5
Let i be 2 + -1 + 6/1. Let k(m) = -4*m - 1. Let z be k(-8). Suppose 74 = 3*b - z. What is the highest common factor of b and i?
7
Suppose -2*g = -g. Suppose 4*h = -g*h + 116. Suppose -3*i - 3*y + 42 = 0, 2*i = 3*i + 4*y - h. Calculate the greatest common divisor of 63 and i.
9
Let f(j) = 8*j - 1. Let x be f(2). Let a = 739 + -329. Let c = a - 245. What is the highest common factor of c and x?
15
Suppose 2*h + 7 = 3*n - 2*h, 4*h = 4*n - 12. What is the greatest common divisor of n and 5?
5
Suppose -2*q + 24 = 3*r - 4*q, 0 = -3*r - 5*q + 3. Suppose 3*u + 0*u = 15. Let a = 53 - u. Calculate the highest common divisor of a and r.
6
Let h be -4 + 38 - (-20)/(-5). Calculate the greatest common divisor of 30 and h.
30
Suppose 328 = -2*z + 5*q, -2*q + 442 = -3*z - 7*q. Let x = z + 266. Let k be (-6)/21 - (-114)/7. Calculate the highest common divisor of k and x.
16
Let l(x) = 13*x + 8. Let a be l(8). What is the greatest common divisor of 14 and a?
14
Suppose -3*m + 45 = -54. Let g = -23 + m. What is the highest common divisor of g and 25?
5
Let s(i) = i**2 + 2*i - 8. Let x be s(-7). Let h = x - 17. What is the highest common divisor of 70 and h?
10
Suppose -3*o + 66 - 24 = 0. What is the highest common factor of 21 and o?
7
Let c be (-8)/36 + (-182)/(-9). Let h be 4/(-2) - c/(-2). Let i be (-2)/h + 387/12. Calculate the greatest common divisor of 8 and i.
8
Let n be 275/11 + (0 - 1). Suppose -3*p + n = -0*p. Calculate the highest common divisor of 20 and p.
4
Suppose -4*t + 4 = -4*z, 2 = 4*t + z - 3*z. Suppose t = -5*i - 9 + 34. Let a(c) = -4*c + 9. Let r be a(-9). What is the greatest common factor of r and i?
5
Suppose 0 = -3*m - 2*n + 27, -1 + 17 = 2*m + 2*n. What is the highest common factor of 44 and m?
11
Let w(i) = -i**3 + 3*i**2 + 5*i - 3. Let t be w(3). What is the greatest common factor of t and 4?
4
Let j(s) = -s**3 + 9*s**2 + 9*s + 12. Let y be j(10). Suppose -l = 0, 0 = -6*b + 2*b + y*l + 192. What is the highest common divisor of b and 6?
6
Let b(q) = -17*q**3 - q. Let f be b(1). Let o = -13 - f. Calculate the highest common factor of 5 and o.
5
Let m = 7 + 11. Let y = -13 - -63. Suppose 45*j - y*j = -30. Calculate the greatest common divisor of j and m.
6
Let p = 11 + -7. What is the highest common factor of p and 12?
4
Let r = 26 - 12. Let s(v) = -2 + 6*v**3 - v + 7*v**3 - 2*v**2 + 5*v**2. Let k be s(2). Calculate the highest common divisor of k and r.
14
Let n be (2 + -5)*(-10)/3. What is the greatest common divisor of n and 10?
10
Suppose 3*c = 7*c - 72. Calculate the greatest common factor of 12 and c.
6
Let h be -7 + 27 - 0/2. Let g(c) = 17*c**2 + c + 4. Let m be (-1 - 1)*1 - -5. Let f be g(m). Calculate the greatest common divisor of f and h.
20
Suppose -2*x - 2*x = -z - 119, -3*z - 57 = -2*x. Calculate the highest common divisor of x and 45.
15
Let p be (-6 - 1)*-1 + -2. Suppose 0*l - 4*l - p*q + 131 = 0, -4*l + 161 = -q. What is the highest common factor of l and 26?
13
Suppose 0 = -k - 12 + 35. Calculate the highest common factor of k and 23.
23
Suppose -25 = 5*q, -2*r - 3*q + 34 = -7*q. Let l(v) = 6*v - 7. Let a be l(7). What is the greatest common factor of r and a?
7
Suppose 4*n = -0*n. Suppose -2*s + 71 - 15 = n. Suppose 4 = 5*h - 16. What is the highest common factor of s and h?
4
Suppose 4*a - 4 = 2*w, w = -5*a + 2*w + 11. Let d be 1*((3 - 3) + 2). Suppose -z = -0*z - 5, -a*z + 39 = d*o. Calculate the highest common factor of o and 36.
12
Suppose -2*b + 108 = -4*i, 3*b - 4*i - 152 = -0*b. Suppose -3*t = 1 - 13. What is the highest common divisor of t and b?
4
Let n be 1/2 - (-215)/(-2). Let l = -35 - n. Let r = 135 - l. Calculate the greatest common divisor of 7 and r.
7
Suppose 3*g - 3706 = -4*y, 4*g = 2*y + 2*y + 4904. Let k be g/51 + (-2)/17. Calculate the greatest common divisor of 12 and k.
12
Let s(t) = 2*t - 9. Let j be s(8). Suppose z = 5*v - j, -v - 3*z - 1 = -6*v. What is the greatest common factor of 2 and v?
2
Let r(f) = -f - 4. Let q be r(-4). Suppose 0 = -j - 4*n + 44 - 9, -3*j - 5*n + 105 = q. What is the greatest common divisor of j and 5?
5
Let m(j) = 3*j**2 + 2. Let y be m(4). What is the greatest common divisor of 20 and y?
10
Suppose -m + 3*g - 6*g = -15, 0 = -5*m + g + 91. What is the greatest common factor of m and 18?
18
Let u be 193 + (3 - 4/2). Let c = -104 + u. Suppose 4*s = 9*s - c. What is the greatest common factor of s and 45?
9
Let j be (-90)/(-25)*(4 + 1). Suppose o + 2*f = 8, o - 4*o - 4*f = -j. Let n be 132/o*1/2. What is the highest common factor of 3 and n?
3
Let o be (-1 + 0)*(-18)/9. What is the highest common divisor of o and 6?
2
Let c = 2 - -1. Let q be (-6 - -3) + c*2. Let j be (6/15)/((-2)/(-10)). What is the greatest common divisor of j and q?
1
Suppose 0 = -3*v + 4*v - 1. Suppose -4*w - v + 13 = 0. Let z be ((-11)/(-10) + (-6)/(-15))*22. Calculate the highest common factor of w and z.
3
Let z(v) = -2*v + 3. Let s be z(-4). Calculate the greatest common factor of 99 and s.
11
Suppose 5*w = -5*z + 1010, 812 = 3*w + w + 5*z. Calculate the highest common factor of w and 22.
22
Let m be (-4096)/(-48) - 12/9. Suppose -4 + 64 = 5*i. What is the greatest common divisor of m and i?
12
Let g = -29 - -69. Suppose 2*o = 0, -3*o = 3*w - 28 - 2. Calculate the highest common factor of w and g.
10
Suppose 0*y + 3*y + 4*u = -15, -4*u = 2*y + 14. Let s be (-4)/(y/(-3)*-1). Let z be (-2)/(s/(-10))*12. What is the greatest common divisor of z and 10?
10
Let v = 14 + -9. Suppose 5*d - x - 117 = -v*x, d - 2*x = 29. Let f be (-6)/4*(-40)/6. What is the highest common divisor of d and f?
5
Suppose -z - 5*z + 54 = 0. What is the highest common factor of z and 6?
3
Suppose 3*n - 6 = -3. Let h be ((-75)/20)/(n/(-32)). Suppose 3*k - k = h. Calculate the greatest common divisor of 24 and k.
12
Suppose 0 = u - 4*u + 30. Let a be 89 + 1 - (8 - 8). What is the highest common divisor of a and u?
10
Let c be (-13)/(-4) - (-3)/(-12). Suppose 4*j = 2*d - 18, 2*j + 33 = c*d - j. Let k be 94 - 3 - 0/2. What is the greatest common factor of k and d?
13
Let x(k) = -2*k - 9. Let y be x(-10). Calculate the greatest common factor of y and 11.
11
Let t be (-14)/49 - 828/(-7). Calculate the highest common factor of t and 59.
59
Let h(x) = 12*x**2 - 1. Let o be h(-1). Let i = o + -10. Let j be 3 + -4 - -163 - i. What is the greatest common factor of j and 23?
23
Suppose 0*z - 3*z = 3*j - 60, -2*z + 44 = 3*j. Calculate the greatest common factor of z and 2.
2
Let n = -2 - -3. Let c(t) = t**2 + 3*t - 3. Let l be (-50)/15 + 4/(-6). Let k be c(l). Calculate the greatest common factor of n and k.
1
Suppose 4*v = -0*v + 240. Let i be (3/(-9))/((-2)/v). Calculate the greatest common factor of i and 50.
10
Let r = 3 - -4. Suppose 5*g - r = 28. What is the greatest common divisor of 63 and g?
7
Let w(y) = -y**2 - 22*y + 15. Let r be w(-21). Calculate the greatest common factor of 324 and r.
36
Let o(k) = -k + 105. Let y be o(0). Calculate the highest common divisor of y and 30.
15
Let r(h) = -h + 21. Let